ighest common divisor of 5146344 and 216?
72
What is the greatest common divisor of 5630121 and 189?
189
What is the highest common divisor of 1404 and 1728054?
54
What is the highest common factor of 196 and 127059772?
28
Calculate the greatest common divisor of 216667 and 10923.
11
What is the highest common factor of 3094 and 1706926?
26
What is the highest common factor of 130 and 16496545?
65
What is the greatest common divisor of 79776 and 205668?
36
Calculate the highest common factor of 32 and 101396304.
16
What is the greatest common divisor of 68666382 and 306?
18
What is the highest common divisor of 27048 and 51698871?
3381
Calculate the greatest common factor of 4385730 and 2.
2
Calculate the greatest common factor of 8646 and 273520140.
786
Calculate the highest common factor of 115222607 and 1546.
773
What is the greatest common divisor of 9026444 and 103588?
3572
Calculate the highest common divisor of 8527893 and 3.
3
What is the highest common divisor of 96653102 and 1036?
518
Calculate the greatest common divisor of 300 and 450852.
12
Calculate the greatest common divisor of 1645 and 11467624.
329
What is the greatest common factor of 3131349 and 15401703?
14169
What is the greatest common factor of 3140642 and 692?
346
What is the highest common divisor of 459568482 and 16935?
3387
Calculate the highest common factor of 172405112 and 88.
88
What is the highest common factor of 3794847 and 7287?
21
What is the highest common factor of 5 and 63367095?
5
Calculate the highest common divisor of 2882039 and 785738.
2999
What is the highest common divisor of 22915 and 4685?
5
What is the highest common divisor of 285683 and 18055?
23
Calculate the greatest common divisor of 1146751 and 8739.
971
Calculate the greatest common divisor of 16542632 and 3400.
136
Calculate the greatest common factor of 1545292 and 54502.
3206
What is the highest common factor of 62354750 and 25?
25
Calculate the greatest common divisor of 43640690 and 130.
10
What is the highest common factor of 8051149 and 3383?
17
Calculate the highest common factor of 1076127 and 615.
123
Calculate the greatest common factor of 6811584 and 4992.
2496
Calculate the greatest common factor of 1367307761 and 7307.
7307
What is the highest common divisor of 30708391 and 1718?
859
Calculate the highest common factor of 73885 and 17815.
35
What is the highest common divisor of 27180084 and 539637?
11013
What is the greatest common factor of 710397 and 123255?
2241
Calculate the greatest common factor of 492559466 and 3626.
3626
Calculate the highest common divisor of 204179 and 3932851.
1069
Calculate the greatest common factor of 6528753 and 3465.
693
Calculate the highest common factor of 38 and 15622427.
19
What is the greatest common divisor of 3718617 and 3979?
23
What is the highest common divisor of 5887 and 10229083?
841
What is the highest common factor of 1357455847 and 11?
11
What is the greatest common divisor of 45342 and 74754?
18
Calculate the highest common factor of 47372592 and 336.
48
What is the highest common divisor of 557688 and 6764?
76
What is the highest common divisor of 15063173 and 306?
17
What is the highest common divisor of 229091604 and 23248?
5812
Calculate the greatest common factor of 523032 and 7626.
186
What is the highest common factor of 1228 and 1210399076?
1228
What is the greatest common divisor of 366 and 13230107?
61
Calculate the greatest common divisor of 114722 and 2774.
38
What is the greatest common factor of 10816 and 3102164?
676
Calculate the highest common factor of 1949343 and 1254.
627
Calculate the greatest common divisor of 1573 and 77358567.
1573
Calculate the greatest common factor of 148385319 and 159.
159
What is the highest common factor of 4 and 1115667?
1
What is the highest common divisor of 7212 and 110844?
12
Calculate the greatest common divisor of 55 and 22678645.
55
Calculate the greatest common divisor of 53 and 159713221.
53
Calculate the highest common factor of 1806760 and 3060.
340
What is the highest common divisor of 8714349 and 441?
63
What is the highest common divisor of 24 and 32599650?
6
What is the highest common factor of 98396 and 10540?
68
What is the greatest common divisor of 870450 and 240450?
1050
Calculate the highest common factor of 660 and 1590540.
60
What is the greatest common factor of 2090 and 631312?
22
What is the highest common factor of 251977027 and 29?
29
Calculate the greatest common divisor of 1800 and 34696.
8
Calculate the highest common divisor of 57286981 and 358.
179
What is the highest common factor of 157036021 and 488?
61
What is the highest common factor of 1198890 and 7020090?
6930
What is the greatest common factor of 1205543657 and 3182?
1591
Calculate the highest common divisor of 1456619 and 793.
61
What is the highest common factor of 147110 and 324?
2
Calculate the greatest common divisor of 61360389 and 2277.
207
Calculate the greatest common factor of 2231760 and 5040.
240
Calculate the highest common divisor of 56122601 and 461.
461
Calculate the greatest common factor of 125 and 355320500.
125
Calculate the highest common factor of 29337384 and 69452.
716
Calculate the greatest common factor of 227632978 and 498.
166
What is the greatest common factor of 3750380 and 12710?
310
What is the highest common divisor of 9717505 and 490?
35
What is the greatest common factor of 2 and 5852326?
2
Calculate the greatest common factor of 437 and 2093515.
19
What is the highest common divisor of 6905864 and 6083?
553
Calculate the highest common factor of 27 and 439970103.
27
Calculate the highest common divisor of 29990509 and 20969.
1613
What is the highest common divisor of 3172224 and 100736?
128
Calculate the highest common factor of 1395 and 249085.
155
Calculate the highest common factor of 3220957 and 47.
47
Calculate the greatest common factor of 50 and 1026200.
50
What is the highest common divisor of 101589157 and 394?
197
Calculate the highest common divisor of 4144 and 2018842840.
2072
What is the greatest common divisor of 48600 and 4656600?
1800
What is the greatest common factor of 36475364 and 7828?
76
What is the greatest common divisor of 410 and 464015778?
82
Calculate the highest common divisor of 26800 and 5234375.
1675
What is the greatest common factor of 21713021 and 55?
11
Calculate the highest common divisor of 54 and 1762182.
54
What is the greatest common factor of 12 and 165610456?
4
What is the highest common divisor of 390 and 10979790?
30
Calculate the highest common divisor of 180740 and 15820.
140
Calculate the highest common factor of 730641 and 598.
23
What is the greatest common divisor of 114151154 and 258?
86
What is the highest common divisor of 21616 and 203397296?
3088
Calculate the greatest common divisor of 1514 and 219765427.
757
What is the highest common divisor of 2533986 and 2210?
442
Calculate the greatest common divisor of 112502 and 73970.
26
What is the highest common factor of 35244 and 32573288?
3916
What is the greatest common factor of 80 and 3990610?
10
Calculate the highest common factor of 2158 and 21970598.
2158
What is the greatest common factor of 1715 and 34738011?
343
What is the highest common divisor of 134 and 172416795?
67
Calculate the highest common divisor of 5442416 and 6048.
112
Calculate the highest common divisor of 290 and 73269890.
10
What is the highest common factor of 1407018 and 83352?
906
What is the greatest common divisor of 29950120 and 326820?
8380
Calculate the greatest common factor of 172983 and 688553.
109
Calculate the highest common divisor of 30595475 and 525.
25
What is the highest common factor of 1354545 and 311085?
1395
Calculate the greatest common factor of 4114 and 16275868.
34
Calculate the highest common divisor of 5479350 and 75.
75
What is the greatest common divisor of 113969492 and 637?
637
Calculate the highest common divisor of 15 and 164579439.
3
What is the greatest common divisor of 64 and 3022948?
4
What is the highest common divisor of 5923697 and 3379?
31
What is the greatest common divisor of 33 and 69997246?
11
Calculate the greatest common divisor of 2252 and 9404915.
563
Calculate the greatest common factor of 8868150 and 228.
6
Calcula